 - 445. Let v = 126 - x. Let r be (v/(-50))/(4/(-370)). What is the highest common divisor of 74 and r?
37
Suppose -3*n + 4 - 10 = 0. Let j be n + 48 + -2 + 0. Let f = 17 - 6. What is the highest common divisor of j and f?
11
Suppose -4*p + 22*p - 540 = 0. Let b(r) = -r + 1. Let x be b(2). Let y be x + 1 - (-86 + -4). Calculate the highest common divisor of y and p.
30
Let c be (-67)/13 + (-20)/(-130). Let n be 705/90 - ((-10)/(-12))/c. What is the greatest common factor of 56 and n?
8
Let g(a) = 5*a - 1. Let m be g(2). Let d = -138 + 90. Let u be (d/(-9))/(3/m). Calculate the greatest common factor of 144 and u.
16
Let q(c) = c**3 - 9*c**2 - 18*c - 17. Let f be q(11). Let x be (726/(-2))/(f/(-18)). What is the highest common factor of 22 and x?
22
Let u be 147/6*8/14. Let b be (-4)/u + (-8)/(-28). Suppose 52 = 3*q + 2*q + 3*o, 2*q - 4*o = b. Calculate the highest common factor of 64 and q.
8
Suppose 2*g + 6 = 18. Let w(n) = -137*n**3 + n**2 + 10*n + 10. Let b be w(-1). Calculate the greatest common factor of b and g.
6
Suppose 5*m - 33 = -a, 0 = m + 2*a - 0*a - 3. Let i be (-4)/(-8)*(-1 + 3). Suppose i = -x + 2. What is the highest common divisor of x and m?
1
Let h(q) = 2*q**3 + 25*q**2 + 8*q + 15. Let t be h(-12). Let a(i) = 3*i - 9. Let b be a(6). Calculate the greatest common factor of t and b.
9
Suppose -f - 91 = -q, -q + 3*q + 4*f = 176. Suppose n + 4*n - 2*o - 129 = 0, -3*n + q = 3*o. What is the highest common factor of 54 and n?
27
Let c(u) = 557*u**3 + u**2 + u - 1. Let p be c(1). Suppose 25*g + p = 23*g. Let h = g - -477. Calculate the greatest common divisor of 18 and h.
18
Suppose -5*d + 3 = -5*q - 2, 0 = 4*q + d - 1. Let g be (q - -1)*(65 + 0). Suppose -2832*i + 2827*i = -130. Calculate the highest common factor of g and i.
13
Suppose -4*t + 3 + 5 = 2*n, -5*n - 2*t = -4. Let x = n + 2. Suppose -h - x = d, 6*d - 2*h - 25 = d. Calculate the highest common factor of d and 9.
3
Suppose 13*b - 718 = 1466. What is the greatest common factor of b and 12?
12
Suppose -1381 = -5*c + 1619. What is the highest common divisor of 36 and c?
12
Let t be 67/4 + 6 + 207/(-36). Calculate the greatest common factor of t and 153.
17
Let m be (-33 - -32)/((-2)/(-30)). Suppose -92 = 2*a + 2*a - 4*n, 2*n = 3*a + 69. Let v = m - a. Calculate the highest common factor of v and 1.
1
Suppose 163 = -4*z - 3*g + 642, 5*z - 593 = 2*g. Calculate the greatest common factor of 34 and z.
17
Let d = -2699 - -3392. What is the greatest common divisor of 3 and d?
3
Let y(z) = 16*z**2 - 10*z - 4*z**2 - 4*z**2. Let n be y(5). Calculate the highest common factor of 15 and n.
15
Let z = -2127 + 2171. What is the greatest common factor of z and 1364?
44
Let f(s) = s**2 + 19*s + 16. Let d be f(-18). Let n = 2 + d. Suppose 0 = 4*m - n*i - i - 5, 3*i = 5*m - 8. Calculate the greatest common divisor of 7 and m.
1
Let x(a) = a + 76. Let j be x(-4). What is the greatest common factor of 54 and j?
18
Let c(g) = -g**2 + 6*g + 2. Let a be c(6). Suppose -2*i - 14 = -i. Let m = i + 18. Calculate the greatest common divisor of m and a.
2
Suppose -6*i - 731 = -5*k - 8*i, -4*k + 4*i = -568. Calculate the greatest common divisor of k and 5.
5
Suppose 2244 = 4*x - 3*m + 52, 4*x - 2200 = m. What is the highest common factor of x and 19?
19
Suppose -24 = a - 7*a. Suppose a*o + 55 = 895. What is the highest common divisor of 30 and o?
30
Suppose 0 = -57*y + 53*y - 12, -5*j + 5*y = -75. What is the greatest common divisor of j and 516?
12
Suppose 0 = 10*f - 15*f - 3*a + 495, 4*f + 3*a = 399. Let s(l) = -l**3 + 8*l**2 - 5*l + 10. Let y be s(7). What is the greatest common factor of y and f?
24
Suppose -2*d - 3 = u - 82, 3*d + 4*u = 106. Let s = d - 21. What is the greatest common factor of 42 and s?
21
Let t = -149 - -331. Suppose 277 = g + 251. Calculate the highest common factor of g and t.
26
Let v(k) = k**3 + 4*k**2 - k - 1. Let f be v(-4). Let r be 13 + (-2)/f + 2/(-6). What is the greatest common factor of 72 and r?
12
Let i = 703 + -329. What is the highest common divisor of i and 22?
22
Let q(s) = -7*s + 47. Let t be q(-3). Calculate the highest common factor of 170 and t.
34
Let s(k) = -3*k**2 + 179*k + 250. Let q be s(61). Calculate the highest common factor of 147 and q.
3
Suppose -360 = -4*k - 5*m, -90 = -5*k + 4*k + 5*m. Suppose -15*z + k = -12*z. What is the highest common factor of z and 270?
30
Let p(y) = y**3 - 16*y**2 - 66*y + 40. Let s be p(20). What is the greatest common divisor of s and 30?
10
Suppose -3*y = -3*t + 1182, 5*t = -y + 1520 + 426. Suppose -4*g + t = 2*g. What is the highest common factor of g and 13?
13
Suppose 0*u + 3*u - d = -11, 5*u + 4*d = -7. Let v(r) = -4*r**2 - 12*r + 1. Let l be v(u). Calculate the highest common factor of 10 and l.
1
Suppose 0 = 6*h - 5*h. Suppose h*m = -5*m + 10. Suppose -m*r = 1 + 5, 2*r + 30 = 2*d. Calculate the greatest common divisor of 24 and d.
12
Suppose 0 = 6*q - 2*q - 28. Suppose 0 = -2*l - 5*b - 6, 4*l + 0*b + 5*b + 2 = 0. Suppose -v - 1 + l = 0. What is the highest common factor of q and v?
1
Suppose 0 = -4*j + 5*j + 2. Let p be (12/(-30))/(j/5). Let w(m) = 4*m**3 - m**2 - m + 2. Let v be w(p). Calculate the greatest common factor of 4 and v.
4
Let j(d) = -13*d - 2. Let f be j(-2). Calculate the greatest common divisor of f and 312.
24
Let q be (-700)/(-22) + (-8)/(-44). Let y = 11 - 6. Let n be -4 + y + (1 - -2). Calculate the greatest common factor of q and n.
4
Let w = 231 + 48. Calculate the greatest common factor of w and 9.
9
Let j be ((-56)/26 - -2) + (-67)/(-13). Suppose 0 = 4*q + 5*g - 39 - 136, 92 = 2*q - 2*g. Calculate the highest common factor of j and q.
5
Let i = -473 + 317. Let z = -86 - i. What is the highest common factor of 175 and z?
35
Let q(p) = 4*p + 83. Let z be q(9). What is the highest common factor of 17 and z?
17
Let a be (-233)/(-4) + 2/(-8). Let k = a + -38. What is the greatest common divisor of 20 and k?
20
Suppose -6*f + 12 = -2*f. Suppose 0 = -f*x - 2*w + 895, -3*x = -w - 569 - 320. What is the highest common divisor of x and 33?
33
Let g(j) = -j**2 - 25*j - 36. Let m be g(-20). Calculate the greatest common divisor of 192 and m.
64
Let b = -9 - -20. Let a = 15 - b. Suppose -5*x = 5*i - 35, 2*x + a*i - 16 = 2. Calculate the greatest common divisor of x and 15.
5
Suppose 0 = -4*a + a + 21. Let u = 27 + -26. Suppose 0 = -a*f + u + 20. Calculate the greatest common divisor of f and 21.
3
Let j = -55 - -35. Let m = j - -26. Let w be (-2)/m - (-152)/6. Calculate the highest common factor of 10 and w.
5
Let c(o) be the third derivative of 17*o**4/24 - 13*o**3/6 - 12*o**2 - 2*o. Let j be c(4). Calculate the greatest common factor of 55 and j.
55
Suppose 7*a + 5*h = 11*a - 190, a - 39 = -3*h. Suppose -50 = -5*x - 0. What is the greatest common divisor of x and a?
5
Let r be 7 + 4/8*8. Let l = -5 + r. Let j be ((-15)/4)/(1/(-4)). What is the highest common divisor of l and j?
3
Let i = 1441 - 1222. Calculate the highest common divisor of i and 511.
73
Let x(f) = -11*f**3 + f**2 - 1. Let d be x(1). Let c = d + 34. Calculate the greatest common divisor of 69 and c.
23
Suppose -4*o + 128 = -340. Let q = 6 - -16. Suppose -q + 74 = 4*g. What is the greatest common factor of g and o?
13
Let k = 1817 - 1702. What is the highest common factor of k and 621?
23
Suppose 2*s = -2*f + 21 + 43, -5*f + 132 = 4*s. Let j be 2/(-4)*0/(-2). Suppose j = q + 3*q - 56. What is the greatest common divisor of q and s?
14
Let g be 1/((-6)/(-4))*-3. Let h(t) = 10*t - 41. Let b be h(4). Let s be b/g*-6*-6. What is the highest common factor of 162 and s?
18
Let g = 76 - 78. Let a be 40/g*(-6)/5. What is the greatest common factor of 18 and a?
6
Let c = -2 - -9. Suppose -4*g + 5 - 13 = 0. Let x = g + c. What is the greatest common factor of x and 25?
5
Suppose 12 = w + 1. Suppose 3*z + w = -5*q, -3*z + 3*q - 70 + 19 = 0. Let h = z + 14. What is the greatest common divisor of 1 and h?
1
Let i(k) = -k**3 - 4*k**2 - 2*k - 1. Let l be i(-4). Calculate the highest common divisor of 287 and l.
7
Let n be (-140)/98*(-3 + 3 - 21). Calculate the highest common divisor of 20 and n.
10
Suppose 2*p + 0*k + 3*k - 5 = 0, 5*k + 15 = 0. Suppose -c = -3*c + 98. What is the highest common factor of p and c?
7
Suppose 2*t - 75 - 35 = -b, 